 1/2*g**2 + 6*g. What is m(6)?
0
Suppose 0 = -2*l + 3*p, 6*l - 3*l + p = 11. Let v(r) = 10*r**2 - 3 - 12*r**3 - 11*r**l + 22*r**3 - 8*r. Determine v(9).
6
Let v be 2 + 3 - (3 - 2). Let h(o) be the third derivative of o**4/12 - 8*o**2. Let s(d) = -4*d. Let z(l) = 9*h(l) + 4*s(l). Calculate z(v).
8
Let b(v) = -v - 5. Suppose 66*q = 28*q + 76. Let a(p) = 2*p + 33. Let w(r) = q*a(r) + 14*b(r). What is w(2)?
-24
Let d(b) = -2*b + 7*b + 7*b - 3. Let a be (840/175)/(3/(-10)). Let z be (-28 - a)/(-1 - 1) - 4. Give d(z).
21
Let o(k) = -110*k - 13. Let g(d) = -63*d - 8. Let s(u) = 7*g(u) - 4*o(u). Suppose 0*f + f - 3*t = 14, 4*t = -20. Determine s(f).
-3
Suppose -5*s + 10 = 0, 0*l + 4*l = -2*s + 76. Let p = 19 - l. Let a(m) = -m - 4. Let d(v) = 11*v**2 + 2*v + 13. Let g(t) = -3*a(t) - d(t). Calculate g(p).
-11
Let o(c) be the third derivative of c**6/120 - c**5/60 - 19*c**4/12 - c**3 - 1085*c**2 - 3*c. Calculate o(7).
22
Let m(j) = -2*j**3 - 2*j**2 + j - 4. Let l(o) = -o**2 + o. Let v(c) = 2*l(c) - m(c). What is v(-3)?
-53
Let j(h) = -h + 1. Let t(g) = 2*g + 1. Let i(l) = -3*j(l) - t(l). Let p(n) = -n - 2. Let s(y) = -i(y) - 2*p(y). Calculate s(-10).
-2
Let o(z) = 4*z**2 - 4*z + 8. Let s(k) be the third derivative of -k**5/60 - k**4/24 - k**3/6 + 34*k**2. Let x(v) = o(v) + 3*s(v). Determine x(6).
-1
Let x(a) be the first derivative of -3*a**4/4 - 2*a**2 - 3*a - 25. Let d be x(-1). Let l(f) be the first derivative of -f**2 + 4*f + 16. Give l(d).
-4
Let n(y) = -7*y + 229*y**2 - 126 + 112 - 230*y**2. Calculate n(-4).
-2
Let p be 1 + -1 + 20/5. Let o(b) = 15*b + 7. Let d(i) = -19*i - 8. Let m(q) = p*d(q) + 5*o(q). Determine m(6).
-3
Let y(o) = 10*o + 447 + 7*o - 432 - 18*o. Let d(i) = -5*i**3 - i**2 - 2. Let w be d(-2). Let r = w + -22. Determine y(r).
3
Let z(n) = 16*n**2 + 5*n + 1. Let q = -3690 - -3688. Determine z(q).
55
Let h(m) be the third derivative of 0*m + 1/15*m**5 - 1/6*m**4 + 1/6*m**3 - 21*m**2 + 0. What is h(3)?
25
Let t(m) = -m**2 - 224 + 2*m - m + 233. Let h(c) = -5*c + 3. Let y(r) = 4*r - 2. Let k(l) = -3*h(l) - 4*y(l). Let z be k(-1). Give t(z).
9
Let i(u) be the first derivative of 6*u - u**3 + 1/4*u**4 - 40 - 3*u**2. Give i(4).
-2
Let n(u) be the second derivative of -3/2*u**2 - 1/2*u**3 + 23 - 2*u. Determine n(-5).
12
Let g(o) = -o**3 - 6*o**3 - 7*o**3 + o + 6*o**3. Let d(h) = h**3 + 7*h**2 - h - 5. Let u be d(-7). Suppose 0 = -6*p + 4*p - u. Give g(p).
7
Suppose -4*d + 7*d - 6 = 0. Let r(h) = d*h**2 - 4 - 3*h**2 + h + 2*h**2 - 2*h. Suppose 5 = -0*j - j - 4*a, 3*j - 5*a - 19 = 0. Give r(j).
2
Let y(b) be the second derivative of -b**4/12 - 2*b**2 + 2*b. Suppose -32*s = -274 + 114. Calculate y(s).
-29
Let n(c) = c**2 + 5*c + 1. Let l be n(-4). Let z(g) = 176*g**2 - 2*g - 9. Let d be z(-2). Let b(j) = j**2 + j**2 + j + 702 - j**2 - d. Calculate b(l).
9
Suppose 11*t - 16 = 3*t. Let y(c) = -3*c**3 + t*c**2 + 170*c - 169*c + 22*c**3. Calculate y(-1).
-18
Let s(q) = -2*q**2 + 4. Let b(v) = -2*v**2 - 11*v + 5. Let z = 23 + -29. Let k be b(z). Let g = 4 + k. Calculate s(g).
-14
Let z = 74 + -33. Suppose -4*t - 111 = -z*t. Let g(v) = v**2 - 5*v + 11. Determine g(t).
5
Let j(r) = r**3 + 8*r**2 + 7*r + 6. Let l(s) = s**3 - 5*s**2 - s - 7. Let z be l(5). Let i be z - (1 - (4 + 2)). Calculate j(i).
6
Let c(p) = p - 11. Let u be (-5)/5 - 57 - (-3 - -1). Let g = u + 60. Let l(f) = -3*f + 33. Let w(h) = g*l(h) + 11*c(h). Determine w(9).
2
Let y(a) be the second derivative of 2*a + 0 + 7/6*a**3 + 5/2*a**2. Suppose 15*c - 284 = 86*c. Give y(c).
-23
Let m(s) = 2*s**3 + 2*s**2 - 2*s + 1. Let i(u) = u**3 + u**2 + u. Let f(v) = -i(v) + m(v). Let w = 7060 - 7063. What is f(w)?
-8
Suppose -4*l = -7*l - 6, 2*l = -r + 1. Suppose -22 = -4*c - 2*m, -c + 2 = 2*m - 11. Let y(z) = -c*z + 0*z + 4 - 2*z + z**2 - z. Calculate y(r).
-1
Let x(g) be the first derivative of -7*g**2/2 - 259. Let b = -63 + 64. Determine x(b).
-7
Suppose -4*t + 2*l - 107 = 67, 3*l = t + 31. Let a = t + 48. Let d(v) = -10*v - 8*v**2 + 6 + v**a + 2*v + 6*v**2. Determine d(-9).
-3
Suppose 123 = -4*m + 151 - 116. Let x(n) = -n**2 - 27*n - 55. What is x(m)?
55
Let f(y) be the second derivative of -y**4 + 5*y**3/3 - 4*y**2 - 13*y + 32. Determine f(1).
-10
Let d be (6/4)/((-10)/80)*2. Let m(r) = -51*r - 1223. Determine m(d).
1
Let x(l) = -3*l - 9. Suppose -1440*v - 36 = -1422*v. Calculate x(v).
-3
Let r = -1146 + 1149. Let k(t) be the second derivative of -8*t + 0 - 2*t**2 - 1/2*t**r + 1/12*t**4. What is k(5)?
6
Suppose 58*h = 54*h + 16, -3*k = -4*h + 31. Let s(i) = -i**3 - 4*i**2 + 10*i + 17. Give s(k).
-8
Let i(x) = -x**2 + 8*x + 7. Let f be i(8). Suppose 6 = f*w - 6*w. Let q(s) = -4 + w + 2 - s - 10. Give q(6).
-12
Let o(u) = 5*u**3 - 27*u**2 - 69*u + 54. Let s(i) = 7*i**3 - 36*i**2 - 92*i + 75. Let v(f) = 11*o(f) - 8*s(f). Determine v(-5).
9
Let f(q) = -5 + 5 + 1 - q. Suppose -18 = -3*g + 6*g, 4*z + g = -10. Calculate f(z).
2
Let i(k) = -2*k**2 - k**3 + 0*k**3 + 3*k**3. Let f(z) = 385*z - 30028. Let u be f(78). What is i(u)?
8
Let i(t) be the first derivative of -t**6/60 + t**5/60 - t**4/24 + t**3 + 2*t + 91. Let r(v) be the third derivative of i(v). What is r(1)?
-5
Let h(i) = -5*i + 34 + 4*i + 14*i + 65 - 3*i. Give h(-10).
-1
Let i(q) be the second derivative of -19*q**3/3 - 100*q**2 + 597*q. Give i(-6).
28
Let d(x) = 2*x**2 - x + 3. Let q = 243 + -243. Let c be d(q). Let a(u) = -7*u + 4. Determine a(c).
-17
Let h(x) = x**2 - 6*x - 3. Let i(j) = j**2 - j + 4. Let y(a) = -3*a**2 - 9*a - 12. Let b(s) = 4*i(s) + y(s). Let k be b(13). Calculate h(k).
-11
Let x(c) be the first derivative of -14*c**3/3 - 2*c**2 - 2*c - 956. Determine x(-2).
-50
Suppose 2*t = p + 21, -3*p = -6*p + 2*t - 59. Let v = p - -21. Let q(n) = 4*n + 2 - 15*n + 7*n. Calculate q(v).
-6
Suppose -3*s - 2*s = -4*u - 619, 2*s = 5*u + 234. Let y(o) = 10*o + 36. Let x be y(-17). Let b = x + s. Let w(j) = j**2 + 6*j - 5. What is w(b)?
2
Suppose r = -4*n + 24, -297*r + 294*r = -3*n + 33. Let w(h) = h**2 - 12*h - 58. What is w(r)?
6
Let u(g) be the third derivative of g**6/40 - 3*g**5/20 + g**4/24 - g**3/3 + 738*g**2 + 2*g. Give u(2).
-12
Let f(b) = 96*b + 122. Let z(s) = -19*s - 28. Let d(r) = 3*f(r) + 14*z(r). What is d(5)?
84
Let v(h) = h - 11. Let a(m) = 4*m - 33. Let o be a(0). Let f be (o - -33)/(-1 + 2). Calculate v(f).
-11
Suppose 36 = 3*i + 123. Let q = i + 29. Let t(a) = q*a - 5*a - a + 1 - 3. Determine t(-2).
10
Let x(i) be the second derivative of i**3/6 + 4*i**2 + 152*i. Let z be ((-4)/(-5))/((-2)/30). Let m be (2 - 32/12)*z. Give x(m).
16
Let u(a) = 11*a**2 + 61*a - 125. Let d(n) = -5*n**2 - 31*n + 66. Let v(q) = -13*d(q) - 6*u(q). What is v(32)?
52
Let i(m) = m**3 + 5*m**2 + 2*m - 1. Let w = 17 + -13. Let l be ((-2)/w)/(1*3/(-30)). Suppose 0 = -l*g + g - 20. What is i(g)?
-11
Let m be (-3 - 0) + (10 - 0)/(-10). Let n = m + 7. Let u(d) = 2*d**2 + 3*d - 2. Calculate u(n).
25
Let y(g) = 3*g**3 + 42*g**2 + 10*g - 14. Let u(i) = -2*i**3 - 33*i**2 - 11*i + 13. Let o(r) = 4*u(r) + 3*y(r). Determine o(8).
26
Let b(p) = 13*p**2 + 20*p + 19. Let o(f) = -9*f**2 - 17*f - 17. Let j(v) = -2*b(v) - 3*o(v). Give j(-11).
13
Let c be 5/(-7) + (-21175)/1225. Let t(z) = 56*z + 1014. What is t(c)?
6
Let h = 1639 + -1632. Let i(l) = -l**2 - l - 7. Determine i(h).
-63
Suppose -15*k + 735 - 555 = 0. Let p(d) = 3*d + 15. Calculate p(k).
51
Let n(f) = -12*f**2 + 28*f - 7. Let i(p) = 13*p**2 - 30*p + 10. Let r(o) = -10*i(o) - 11*n(o). Determine r(8).
41
Let s(r) = r**3 - 7*r**2 - 8*r + 2. Suppose 4 = 34*c - 30*c. Suppose 13 + c = 3*o + 5*y, 4*y + 16 = o. Give s(o).
2
Let s(d) be the first derivative of -d**4/2 + 67*d**3/3 - 48*d**2 + 7*d - 5304. What is s(32)?
7
Let h(a) = 8 - 5*a - 2*a - 40*a**2 - 47*a**2 + 128*a**2 - 42*a**2. Let r(n) = n - 13. Let i be r(6). Determine h(i).
8
Let i(r) = 240*r - 102. Let z(d) = 567*d - 204. Let m(t) = -7*i(t) + 3*z(t). Calculate m(-5).
-3
Let f(k) = -k**3 - 9*k**2 - 2*k - 7. Let v(s) = s**3 + 3*s**2 - 8*s + 1. Suppose 10*r - 8*r = -10. Let d be v(r). Calculate f(d).
11
Let w(k) = k**3 - 39*k**2 + 77*k - 111. Let b(g) = 134*g + 8077. Let h be b(-60). Calculate w(h).
0
Let a(j) = j**3 - 4*j**2 + 4*j - 3. Let s be a(4). Let i(v) = s - 21 + 9 + 2*v - 3*v. Let b(k) = k**2 + 9*k + 6. Let g be b(-7). Give i(g).
9
Le